{"id":1023,"date":"2025-05-30T10:31:48","date_gmt":"2025-05-30T10:31:48","guid":{"rendered":"https:\/\/www.kaitoindustries.com\/?page_id=1023"},"modified":"2025-05-30T10:31:50","modified_gmt":"2025-05-30T10:31:50","slug":"mantenimiento-basico","status":"publish","type":"page","link":"https:\/\/www.kaitoindustries.com\/?page_id=1023","title":{"rendered":"MANTENIMIENTO BASICO"},"content":{"rendered":"\n<p>Mantenimiento de 1-5 equipos, incluyendo la monitorizaci\u00f3n antivirus para asegurar la protecci\u00f3n constante contra amenazas inform\u00e1ticas, as\u00ed como formateos gratuitos si el sistema antivirus no consigue solucionar el problema para optimizar el rendimiento de los dispositivos. Este servicio tambi\u00e9n abarca la mano de obra especializada necesaria para llevar a cabo estas tareas, garantizando que cada equipo funcione de manera eficiente. Adem\u00e1s, se consideran los desplazamientos requeridos para atender cada solicitud de mantenimiento, lo que asegura una atenci\u00f3n personalizada y a tiempo para cada cliente. Todo esto se realiza con el objetivo de mantener la operatividad y seguridad de los sistemas inform\u00e1ticos de manera integral.<\/p>\n\n\n\n<p><\/p>\n\n\n\n<div class=\"wp-block-jetpack-payment-buttons is-layout-flex wp-block-jetpack-payment-buttons-is-layout-flex\">\n<div class=\"wp-block-jetpack-recurring-payments wp-block-button\"><div class=\"wp-block-jetpack-button wp-block-button\"><a class=\"wp-block-button__link\" data-id-attr=\"recurring-payments-1025\" id=\"recurring-payments-1025\" href=\"https:\/\/subscribe.wordpress.com\/memberships\/?blog=226669283&amp;plan=1025&amp;lang=es_ES&amp;pid=1023&amp;redirect=https%3A%2F%2Fwww.kaitoindustries.com\" target=\"_blank\" role=\"button\" rel=\"noopener noreferrer\" data-wp-class--is-submitting=\"state.isSubmitting\" data-wp-bind--aria-disabled=\"state.isAriaDisabled\">SUSCRIBETE<span class=\"spinner\" aria-hidden=\"true\"><span class=\"is-visually-hidden\">Enviando formulario<\/span><\/span><\/a><\/div><\/div>\n<\/div>\n","protected":false},"excerpt":{"rendered":"<p>Mantenimiento de 1-5 equipos, incluyendo la monitorizaci\u00f3n antivirus para asegurar la protecci\u00f3n constante contra amenazas inform\u00e1ticas, as\u00ed como formateos gratuitos si el sistema antivirus no consigue solucionar el problema para optimizar el rendimiento de los dispositivos. Este servicio tambi\u00e9n abarca la mano de obra especializada necesaria para llevar a cabo estas tareas, garantizando que cada [&hellip;]<\/p>\n","protected":false},"author":1,"featured_media":0,"parent":0,"menu_order":0,"comment_status":"closed","ping_status":"closed","template":"","meta":{"footnotes":""},"class_list":["post-1023","page","type-page","status-publish","hentry"],"jetpack_sharing_enabled":true,"_links":{"self":[{"href":"https:\/\/www.kaitoindustries.com\/index.php?rest_route=\/wp\/v2\/pages\/1023","targetHints":{"allow":["GET"]}}],"collection":[{"href":"https:\/\/www.kaitoindustries.com\/index.php?rest_route=\/wp\/v2\/pages"}],"about":[{"href":"https:\/\/www.kaitoindustries.com\/index.php?rest_route=\/wp\/v2\/types\/page"}],"author":[{"embeddable":true,"href":"https:\/\/www.kaitoindustries.com\/index.php?rest_route=\/wp\/v2\/users\/1"}],"replies":[{"embeddable":true,"href":"https:\/\/www.kaitoindustries.com\/index.php?rest_route=%2Fwp%2Fv2%2Fcomments&post=1023"}],"version-history":[{"count":1,"href":"https:\/\/www.kaitoindustries.com\/index.php?rest_route=\/wp\/v2\/pages\/1023\/revisions"}],"predecessor-version":[{"id":1026,"href":"https:\/\/www.kaitoindustries.com\/index.php?rest_route=\/wp\/v2\/pages\/1023\/revisions\/1026"}],"wp:attachment":[{"href":"https:\/\/www.kaitoindustries.com\/index.php?rest_route=%2Fwp%2Fv2%2Fmedia&parent=1023"}],"curies":[{"name":"wp","href":"https:\/\/api.w.org\/{rel}","templated":true}]}}